{"id":84,"date":"2024-03-19T20:06:46","date_gmt":"2024-03-19T19:06:46","guid":{"rendered":"https:\/\/czerwonymak.com\/?page_id=84"},"modified":"2024-03-21T20:30:57","modified_gmt":"2024-03-21T19:30:57","slug":"projekty","status":"publish","type":"page","link":"https:\/\/czerwonymak.com\/?page_id=84","title":{"rendered":"Projekty"},"content":{"rendered":"\n<p><strong>Dzieci<\/strong><\/p>\n\n\n\n<p>Dzieci Mariupola &#8211; projekt skupiaj\u0105cy ludzi o wielkich sercach. <img loading=\"lazy\" decoding=\"async\" width=\"16\" height=\"16\" src=\"\" alt=\"\u2764\ufe0f\"><\/p>\n\n\n\n<p>Jak to si\u0119 zacz\u0119\u0142o?<br>19.08.16r.:<\/p>\n\n\n\n<p>Kilka dni temu wr\u00f3ci\u0142am z wyprawy organizowanej przez Towarzystwo Przyjaci\u00f3\u0142 Ukrainy i \u0413\u0424 &#8220;\u0420\u0430\u0431\u0456\u0432 \u0434\u043e \u0440\u0430\u044e \u043d\u0435 \u043f\u0443\u0441\u043a\u0430\u044e\u0442\u044c&#8221;.<br>Okaza\u0142o si\u0119, \u017ce nie wszystkie dobre duchy maj\u0105 skrzyd\u0142a, niekt\u00f3re chodz\u0105 po ziemi. I przemierzaj\u0105 tysi\u0105ce kilometr\u00f3w, by pom\u00f3c tym, kt\u00f3rzy tego potrzebuj\u0105. A my im pomogli\u015bmy, \u0142aduj\u0105c w worki i kartony \u017cywno\u015b\u0107, ubrania, kosmetyki.<br>Celem mojej podr\u00f3\u017cy by\u0142a Republika Pielgrzym w Mariupolu (Ukraina). Dom dziecka, miejsce dla dzieci, kt\u00f3re znalaz\u0142y si\u0119 w trudnej sytuacji \u017cyciowej. Ich historie s\u0105 r\u00f3\u017cne. Jednak reakcja na nie taka sama. Chcesz pom\u00f3c, chcesz sprawi\u0107, by na twarzy ka\u017cdego do\u015bwiadczonego przez los dzieciaka pojawi\u0142 si\u0119 u\u015bmiech. Pozna\u0142am ich, mimo utrudnionego kontaktu. Te dzieciaki skrad\u0142y moje serce&#8230;<br>Jak \u017cyj\u0105 dzieciaki i m\u0142odzie\u017c w Republice Pielgrzym?<br>Maj\u0105 okre\u015blone zasady funkcjonowania. Swojego prezydenta i ministra finans\u00f3w, swoj\u0105 walut\u0119&#8230; Elementy zaczerpni\u0119te z pedagogiki Korczaka, szczeg\u00f3lnie w kwestii samorz\u0105dno\u015bci dzieci &#8211; takie jest moje wra\u017cenie. Warunki ich \u017cycia wielu z nas okre\u015bli jako trudne, a oni zachowali t\u0119 rado\u015b\u0107 \u017cycia, kt\u00f3ra buduje&#8230;<br>Czas, kt\u00f3ry z nimi sp\u0119dzi\u0142am by\u0142 wspania\u0142y. Cho\u0107, kiedy przez kolejne dni jad\u0142am na \u015bniadanie i kolacj\u0119 ugotowany makaron, w duchu p\u0142aka\u0142am nad losem tych dzieci. Grzmia\u0142am na niesprawiedliwo\u015b\u0107 tego \u015bwiata.<br>Od dzieci us\u0142ysza\u0142am, \u017ce marz\u0105 o rowerach&#8230;<\/p>\n\n\n\n<p><a href=\"https:\/\/www.facebook.com\/dziecimariupola\/\">https:\/\/www.facebook.com\/dziecimariupola\/<\/a><\/p>\n\n\n\n<p>Po powrocie do domu, w\u015br\u00f3d znajomych, og\u0142osi\u0142am zbi\u00f3rk\u0119 rower\u00f3w i sprz\u0119tu sportowego.<br>Marzenia s\u0105 wa\u017cne! Ich realizacja jeszcze wa\u017cniejsza! Dlatego do Mariupola wys\u0142ali\u015bmy rowery, hulajnogi, deskorolki, sprz\u0119t sportowy. Wys\u0142ali\u015bmy, bo\u2026<br>We wrze\u015bniu zaproponowa\u0142am uczniom mojej klasy, w\u00f3wczas Ic Spo\u0142ecznego Gimnazjum nr 2 realizacj\u0119 projektu \u201eDzieci Mariupola\u201d. Opowiedzia\u0142am, co zaobserwowa\u0142am, czego do\u015bwiadczy\u0142am, pokaza\u0142am zdj\u0119cia. Reakcja moich uczni\u00f3w: zbi\u00f3rka rower\u00f3w, hulajn\u00f3g, deskorolek, sprz\u0119tu sportowego.<br>P\u00f3\u017aniej, w wyniku rozm\u00f3w z uczniami, okre\u015blili\u015bmy cel projektu \u201eDzieci Mariupola\u201d: zebranie funduszy na zorganizowanie przyjazdu dzieci i m\u0142odzie\u017cy z Republiki Pielgrzym z Mariupola (obw\u00f3d doniecki, Ukraina) do Polski.<br>By zebra\u0107 pieni\u0105dze organizowali\u015bmy kiermasze, nale\u015bnikowe \u015bniadania, nietypowe dni( np. \u201e25 ods\u0142on kartofla\u201d \u2013 tak, wiedzieli\u015bmy, \u017ce Poznaniu s\u0105 pyry), imprezy. Przeprowadzali\u015bmy zbi\u00f3rki \u017cywno\u015bci, odzie\u017cy, materia\u0142\u00f3w papierniczych, kosmetyk\u00f3w&#8230; Szukali\u015bmy sponsor\u00f3w, os\u00f3b, kt\u00f3re wspar\u0142yby nasz\u0105 inicjatyw\u0119.<br>W listopadzie 2016r. pojecha\u0142am do Mariupola. Tym razem zaopatrzona w s\u0142odycze, pomara\u0144cze, \u015bwi\u0105teczne prezenty, kt\u00f3re dzieci otworzy\u0142y dopiero w grudniu.<br>Projekt uzyska\u0142 patronat Prezydenta miasta Poznania. A wszystko dzi\u0119ki naszemu dobremu Anio\u0142owi \u015bp. p. Andrzejowi Bia\u0142asowi, kt\u00f3ry wspiera\u0142 nas nie tylko s\u0142owem. Historia ciasta dro\u017cd\u017cowego, kt\u00f3ry upiek\u0142a jego \u017cona, jest znana wszystkim wsp\u00f3\u0142pracuj\u0105cym przy tym projekcie. Dzi\u0119ki niemu napisa\u0142a o naszej akcji Wyborcza.<\/p>\n\n\n\n<p><a href=\"https:\/\/poznan.wyborcza.pl\/...\/7,105531,21507090...\">https:\/\/poznan.wyborcza.pl\/&#8230;\/7,105531,21507090&#8230;<\/a><\/p>\n\n\n\n<p>Przez dwa lata wspomagali\u015bmy Republik\u0119 Pielgrzym wysy\u0142aj\u0105c im \u017cywno\u015b\u0107, odzie\u017c, materia\u0142y papiernicze, kosmetyki i zbierali\u015bmy pieni\u0105dze na nasz cel. Ka\u017cdego roku dzieci otrzymywa\u0142y indywidualne prezenty na Bo\u017ce Narodzenie i s\u0142odycze na Wielkanoc.<br>W ko\u0144cu dzieci i m\u0142odzie\u017c z Pielgrzyma sp\u0119dzi\u0142y w Poznaniu\/Tr\u00f3jmie\u015bcie dwa tygodnie w czerwcu 2018r. Tydzie\u0144 w Poznaniu i tydzie\u0144 w Tr\u00f3jmie\u015bcie: Gda\u0144sk zachwyci\u0142 histori\u0105, Sopot pi\u0119knem polskiego morza, bawi\u0105c na Klifie Or\u0142owskim zjedli\u015bmy najlepsze lody o smaku s\u0142onego karmelu. Rozmawiali\u015bmy, bawili\u015bmy si\u0119, smakowali\u015bmy typow\u0105 polska kuchni\u0119, zwiedzali\u015bmy. J\u0119zyk, kt\u00f3rym si\u0119 pos\u0142ugiwali\u015bmy to j\u0119zyk polsko- rosyjsko-angielski.<br>Podczas pobytu w Poznaniu nasza ekip\u0119 odwiedzi\u0142 \u015bp. p. Andrzej Bia\u0142as. Przywi\u00f3z\u0142 prezenty dla dzieci i m\u0142odzie\u017cy z Mariupola i przepyszny placek dro\u017cd\u017cowy.<\/p>\n\n\n\n<p><a href=\"https:\/\/poznan.wyborcza.pl\/...\/7,36001,23665167...\">https:\/\/poznan.wyborcza.pl\/&#8230;\/7,36001,23665167&#8230;<\/a><\/p>\n\n\n\n<p>Nasze dzia\u0142ania kto\u015b dostrzeg\u0142 i \u2026<\/p>\n\n\n\n<p><a href=\"https:\/\/poznan.wyborcza.pl\/...\/7,36001,23669283,pyry...\">https:\/\/poznan.wyborcza.pl\/&#8230;\/7,36001,23669283,pyry&#8230;<\/a><\/p>\n\n\n\n<p>Od 2018r. projekt \u201eDzieci Mariupola\u201d jest realizowany w Szko\u0142y Podstawowej Da Vinci. Wysy\u0142ali\u015bmy im \u017cywno\u015b\u0107, odzie\u017c, materia\u0142y papiernicze, kosmetyki i zbierali\u015bmy pieni\u0105dze na kolejny przyjazd dzieci do Polski.<br>W Da Vinci do akcji przyst\u0105pi\u0142y prawi\u0119 wszystkie klasy: organizowa\u0142y sprzeda\u017c ciast i ciasteczek, sprzedawali swoje r\u0119kodzie\u0142o, do akcji przyst\u0105pi\u0142y tez nauczycielki, przygotowuj\u0105c na kiermasz swoje popisowe s\u0142odko\u015bci. Do\u0142\u0105czyli r\u00f3wnie\u017c uczniowie z Gimnazjum Akademickiego Da Vinci i po\u015bwi\u0119cili pi\u0105tkowe popo\u0142udnie i wiecz\u00f3r, by w sklepach Lidl kwestowa\u0107 na rzecz &#8220;Dzieci Mariupola&#8221; &#8211; pakowali zakupy i z u\u015bmiechem na twarzy \u017cyczyli mi\u0142ego dnia.<br>Na zako\u0144czenie roku szkolnego nauczyciele poprosili, by dzieci i rodzice zrezygnowali z kwiat\u00f3w, a ewentualne pieni\u0105dze wydane na ten cel wrzucili do s\u0142oika z napisem \u201eDzieci Mariupola\u201d.<br>W sierpniu 2019 r. przyjecha\u0142a do nas ekipa z Mariupola. Tydzie\u0144 bawili w Poznaniu, tydzie\u0144 nad morzem, dzi\u0119ki otwartemu sercu rodziny posiadaj\u0105cej pensjonat nad morzem.<br>To by\u0142a niezapomniana przygoda. Wr\u00f3cili zaopatrzeni w wiele prezent\u00f3w dla tych, kt\u00f3rzy przyjecha\u0107 nie mogli.<\/p>\n\n\n\n<p>W 2020 do projektu do\u0142\u0105czy\u0142a Autorska Szko\u0142a Podstawowa Navigo Pozna\u0144: w\u0142\u0105czy\u0142a si\u0119 w przygotowanie indywidualnych prezent\u00f3w dla dzieci na Bo\u017ce Narodzenie i zbi\u00f3rk\u0119 s\u0142odyczy na Wielkanoc.<br>Wspieramy Republik\u0119 Pielgrzym wysy\u0142aj\u0105c im lekarstwa, kosmetyki, \u015brodki higieniczne, odzie\u017c i bielizn\u0119.<\/p>\n\n\n\n<p>Kiedy zdarzy\u0142 si\u0119 24.02.22r. przyst\u0105pili\u015bmy do organizowania ewakuacji. Zorganizowali\u015bmy zbi\u00f3rk\u0119 na zrzutka.pl i zacz\u0119li\u015bmy pomaga\u0107. Trafili\u015bmy do Worochty, do dzieci relokowanych z Domu Dziecka nr 2 w Charkowie, potem do Domu Dziecka w Sumach i do Berdyczowskiej Szko\u0142y Specjalnej Obwodu \u017bytomierskiego.<br>Wspieramy ich \u017cywno\u015bci\u0105, \u015brodkami higieny osobistej, odzie\u017c\u0105, prezentami, kt\u00f3re dla naszych podopiecznych s\u0105 najwa\u017cniejsze.<\/p>\n\n\n\n<p>W swojej dzia\u0142alno\u015bci nie zapominamy o braciach mniejszych. Pami\u0119tamy o nich nie tylko w sytuacji kl\u0119sk \u017cywio\u0142owych, porzucenia czy katowania. Dlatego wspieramy schroniska, domy tymczasowe w Polsce i w Ukrainie: Chark\u00f3w, Kij\u00f3w.<\/p>\n\n\n\n<p><strong>Zwierz\u0119ta<\/strong><\/p>\n\n\n\n<p>W swojej dzia\u0142alno\u015bci nie zapominamy o braciach mniejszych. Pami\u0119tamy o nich nie tylko w sytuacji kl\u0119sk \u017cywio\u0142owych, porzucenia czy katowania. Dlatego wspieramy schroniska, domy tymczasowe w Polsce i w Ukrainie: Chark\u00f3w, Kij\u00f3w.<br>W Polsce wspieramy Fundacje Caine Noise, kt\u00f3ra prowadzi Dom tymczasowy dla zwierz\u0105t, w Ukrainie wsp\u00f3\u0142pracujemy z Charitable Organisation of &#8220;Kateryna Pereguda Charity Foundation&#8221;.<\/p>\n\n\n\n<p><strong>Medycy pola walki i szpitale<\/strong><\/p>\n\n\n\n<p>Jednym z naszych podprojekt\u00f3w, kt\u00f3ry skupia si\u0119 na wspieraniu szpitali, plac\u00f3wek medycznych, medyk\u00f3w pola walki oraz s\u0142u\u017cb ratowniczych poprzez dostarczanie sprz\u0119tu medycznego jest projekt #MedicsTogether. Dzi\u0119ki hojno\u015bci naszych darczy\u0144c\u00f3w dostarczyli\u015bmy ukrai\u0144skim szpitalom dermatomy, aparaty USG, ssaki, defibrylatory, respiratory oraz \u0142\u00f3\u017cka elektryczne. To zaowocowa\u0142o otwarciem oddzia\u0142u neurologicznego dla rannych \u017co\u0142nierzy. Aktywnie wspieramy medyk\u00f3w na polu walki, dostarczaj\u0105c im certyfikowany sprz\u0119t pierwszej pomocy. Dotychczas nasze wsparcie trafi\u0142o do Szpitala w Starokonstantynowie, relokowanego Szpitala z Mariupola, Fundacji Unbroken we Lwowie, punkt\u00f3w stabilizacyjnych oraz medyk\u00f3w na polu walki. Wzi\u0119li\u015bmy udzia\u0142 w projekcie \u201eModele dla Bohater\u00f3w\u201d, kt\u00f3ry ma na celu rehabilitacj\u0119 oraz wsparcie psychologiczne rannych \u017co\u0142nierzy poprzez modelarstwo.<\/p>\n","protected":false},"excerpt":{"rendered":"<p>Dzieci Dzieci Mariupola &#8211; projekt skupiaj\u0105cy ludzi o wielkich sercach. Jak to si\u0119 zacz\u0119\u0142o?19.08.16r.: Kilka dni temu wr\u00f3ci\u0142am z wyprawy organizowanej przez Towarzystwo Przyjaci\u00f3\u0142 Ukrainy i \u0413\u0424 &#8220;\u0420\u0430\u0431\u0456\u0432 \u0434\u043e \u0440\u0430\u044e \u043d\u0435 \u043f\u0443\u0441\u043a\u0430\u044e\u0442\u044c&#8221;.Okaza\u0142o si\u0119, \u017ce nie wszystkie dobre duchy maj\u0105 skrzyd\u0142a, niekt\u00f3re chodz\u0105 po ziemi. I przemierzaj\u0105 tysi\u0105ce kilometr\u00f3w, by pom\u00f3c [&hellip;]<\/p>\n","protected":false},"author":1,"featured_media":0,"parent":0,"menu_order":0,"comment_status":"closed","ping_status":"closed","template":"","meta":{"footnotes":""},"class_list":["post-84","page","type-page","status-publish","hentry"],"_links":{"self":[{"href":"https:\/\/czerwonymak.com\/index.php?rest_route=\/wp\/v2\/pages\/84","targetHints":{"allow":["GET"]}}],"collection":[{"href":"https:\/\/czerwonymak.com\/index.php?rest_route=\/wp\/v2\/pages"}],"about":[{"href":"https:\/\/czerwonymak.com\/index.php?rest_route=\/wp\/v2\/types\/page"}],"author":[{"embeddable":true,"href":"https:\/\/czerwonymak.com\/index.php?rest_route=\/wp\/v2\/users\/1"}],"replies":[{"embeddable":true,"href":"https:\/\/czerwonymak.com\/index.php?rest_route=%2Fwp%2Fv2%2Fcomments&post=84"}],"version-history":[{"count":4,"href":"https:\/\/czerwonymak.com\/index.php?rest_route=\/wp\/v2\/pages\/84\/revisions"}],"predecessor-version":[{"id":95,"href":"https:\/\/czerwonymak.com\/index.php?rest_route=\/wp\/v2\/pages\/84\/revisions\/95"}],"wp:attachment":[{"href":"https:\/\/czerwonymak.com\/index.php?rest_route=%2Fwp%2Fv2%2Fmedia&parent=84"}],"curies":[{"name":"wp","href":"https:\/\/api.w.org\/{rel}","templated":true}]}}